1 + 1))?
3
What is the value of 5 + -5 + 4 - 7?
-3
What is the value of 11 + 9 + (-11 - 11)?
-2
Evaluate -2 + 1 + -6 + 2.
-5
1 - (0 - (3 - (5 + -5)))
4
What is (2 - (19 - 11)) + 1 + -5?
-10
What is -5 - (-21 - (-13 + 2))?
5
What is the value of 4 + -5 + 5 - (0 - -1)?
3
What is -2 + 1 + -2 + 2 + 1?
0
1 + 0 - (5 + -1) - 0
-3
Calculate (-16 - -8) + 16 + 0.
8
What is the value of 2 - (3 + (-4 - -2) + 5)?
-4
-3 - 5 - (-8 + 10 - 19)
9
What is -1 + 11 + (1 - 6)?
5
Evaluate -2 + -4 + 4 + 7.
5
Calculate -2 - ((0 - 5) + (14 - 12)).
1
(4 - -2 - 8) + 3
1
What is -3 + 2 - (-3 + (2 - 0))?
0
-6 - (-21 + 12 + -4)
7
What is -2 - (-1 - (1 - (-1 - -1)))?
0
What is 19 + -19 - (-2 - (4 + -1))?
5
Calculate (-4 - -8) + (-10 - -2).
-4
What is the value of (5 - 4 - 7) + 10?
4
What is (-1 - 0) + 6 + -6?
-1
What is 6 + (-15 - (10 - 12))?
-7
Calculate 2 + 4 + (4 + -3 - 4).
3
Evaluate 11 + -2 + -3 - 3.
3
10 + -6 + 4 - 15
-7
Calculate -8 + 5 - -8 - 1.
4
What is the value of (-3 + 0 - (-4 + 2)) + 0?
-1
What is the value of -7 + (4 - (5 - 4))?
-4
4 - 4 - (1 + 0) - 1
-2
0 + -7 - (-10 + 8)
-5
-4 + 4 + 1 - -2
3
What is the value of -13 + 4 - (-4 - (2 - 5))?
-8
Evaluate 1 + (-6 - 1) - -8.
2
What is ((-2 - -1) + 2 - -4) + -2?
3
12 + -5 + -5 + -10
-8
Evaluate (-1 - (-5 + 3) - 6) + 0.
-5
Calculate (-8 - 0) + (-39 - -43).
-4
What is the value of 0 - 6 - (3 + 5 - 10)?
-4
What is 4 + (0 + -1 - (16 + -18))?
5
What is 3 - ((0 + 5 - 1) + -2)?
1
14 + -1 + -9 + -5
-1
3 + -5 + (0 + 4 - 3)
-1
What is 1 + (-6 - 1) + 1?
-5
-5 + 0 + 7 + -13
-11
Calculate (6 - 8) + 3 - (0 + 5).
-4
Calculate 2 - 3 - 0 - (-10 + 4).
5
What is -3 - (-7 + -4 + 6 + 3)?
-1
-2 - (0 - (0 - 3 - -2))
-3
What is the value of -7 - (2 + -4 + -1)?
-4
(-10 - -2) + 3 - (2 - 2)
-5
What is -2 + 3 - (-1 + 3)?
-1
Evaluate (3 - (-7 + 11)) + (8 - 0).
7
(2 + -6 - (-1 + -1)) + 2
0
Evaluate -11 + (-5 - -9) + -1.
-8
Calculate (2 + 0 - 0) + 1.
3
Evaluate (15 - (-1 + 6)) + -4.
6
What is the value of 5 + -3 + 8 + -4?
6
What is the value of (6 + -6 - -5) + -5?
0
Calculate 10 + -3 + -5 + -1.
1
What is 9 - (-3 + 7 + 4 + -4)?
5
Evaluate -8 + (-1 - -1) + 4.
-4
What is (-6 - -3 - 1) + 0?
-4
-12 - (-13 + -14 + 13)
2
What is (-6 - (-18 + 9)) + 4?
7
Calculate 5 + (-4 - 4) + 3 + -6.
-6
What is the value of -2 + -4 + (-6 - -9)?
-3
What is (-1 - -1) + 15 + -16?
-1
What is the value of (-5 - -4) + (-1 - -6) - 0?
4
What is -32 + 40 - (1 + -1)?
8
What is (-7 - -22) + -5 - 9?
1
-3 + -3 - (3 - 8)
-1
What is the value of -3 + -4 - (-1 - (-7 + 14))?
1
Evaluate 0 + 5 - (-3 + -4 + 6).
6
Calculate -1 + 3 + -5 + 3 - -2.
2
1 + -5 + 6 - 2 - 0
0
What is the value of -2 - (8 - 29 - -11)?
8
Evaluate 1 + (-1 - -1) + (4 - 2).
3
Evaluate 6 + (2 - 1) + (11 - 15).
3
Calculate (-2 - -1 - 9) + 15.
5
Evaluate -1 - -3 - (-11 - 2 - -22).
-7
What is the value of 2 - (5 + -12 - -9)?
0
5 + (-3 - (5 + -1)) - -2
0
What is the value of 2 + -1 + 1 + (-3 - -4)?
3
(4 - 4) + 4 + -4
0
Evaluate (7 - 7) + -1 + 0.
-1
Evaluate 2 + -1 + (18 - 14) + -3.
2
What is 3 + -3 + 6 + 0 + -3?
3
Calculate 5 - 14 - (-1 + -3).
-5
Evaluate 0 - (-2 + 1 + -1).
2
1 + (0 - (-5 + 5))
1
What is -86 + 81 - (-8 + 0)?
3
Calculate (-8 + 5 - (1 + -7)) + -4.
-1
What is the value of -61 + 49 + 13 + 1?
2
Calculate 6 - (-5 + 2 + -6 + 6).
9
What is the value of -1 + -4 + (1 - -1)?
-3
What is the value of 5 + (-2 + 6 - 8) + 5?
6
Evaluate -1 + 3 + (-3 - -3).
2
(-7 + 6 - -3) + (-1 - -2)
3
3 - 3 - (-9 - -20) - -7
-4
What is the value of (-2 - 1) + 0 + 2?
-1
(-38 - -35) + 3 + 0
0
Calculate -2 + 6 + -3 + -5 - -2.
-2
Calculate -3 - (2 - (3 - -1)).
-1
What is the value of 15 + -17 - (-1 - -6)?
-7
(-5 - -13) + 9 + -15
2
Calculate -1 - (-1 + 0 - 1).
1
What is 5 + (1 - -10) + -11?
5
What is the value of -156 - -155 - (1 - 1)?
-1
What is -7 + 7 + 7 + -2 + -13?
-8
What is the value of 1 - 0 - (0 - (1 + 3))?
5
What is -10 - (-7 + -1 + (22 - 20))?
-4
What is the value of 11 - 16 - (-6 - (2 + -4))?
-1
Calculate 10 + 12 + (8 - 26).
4
What is (1 - -3) + -4 + 5 + -1?
4
Evaluate 2 + 0 + (7 - 13).
-4
2 + (7 + -21 - -8)
-4
What is 6 - (-4 - (-8 + (1 - -1)))?
4
Evaluate -4 + -1 + (16 - -2 - 7).
6
What is -3 - (1 - (4 - 2 - -6))?
4
What is 2 + 2 - -5 - 4?
5
Evaluate -2 + (6 - 8) + -1.
-5
1 - 0 - (11 - (6 + -1))
-5
Evaluate -9 - ((-2 - -9) + -11).
-5
Calculate 2 + -11 + 5 + (0 - -3).
-1
What is the value of (0 - (-3 + 3)) + 2?
2
What is the value of -3 - ((-2 - 3) + (11 - 2))?
-7
What is 3 + -3 + (-6 - -1 - -1)?
-4
What is the value of -3 + 4 + 5 + -10?
-4
-128 + 133 + 1 + 0 + -2
4
What is -2 - 1 - (-2 - (-3 - -1))?
-3
What is -1 + 6 + -194 + 198?
9
Calculate -6 - (-6 - -3) - 4 - -2.
-5
Evaluate -15 + 16 - (-5 - -2).
4
What is the value of -2 + 9 - (-6 - -7 - -9)?
-3
Evaluate 5 + (-8 - (2 - 10)).
5
What is the value of 4 + -6 - -2 - -4?
4
What is 4 - (5 - (-6 - -13))?
6
What is -8 + (1 - (-23 + 6) - 3)?
7
Calculate 3 + (-1 - -1) + -9 + 11.
5
Evaluate (-7 - -5) + 1 - (0 + 4).
-5
Evaluate (1 + 7 - 1) + (-61 - -58).
4
Evaluate -2 - 7 - (3 - 15).
3
Evaluate 2 + -4 + 2 - (-9 + 4).
5
Calculate (-10 - -8) + -6 - -2.
-6
(0 - -5) + (8 - 10) - 10
-7
Evaluate -4 + (9 - 0 - (8 + -7)).
4
What is -111 - -114 - (1 + (-1 - -3))?
0
What is the value of (-15 - -4) + 3 + 0?
-8
What is -1 - -1 - (0 + 3) - 0?
-3
(-2 - 10) + (19 - 18) + 3
-8
What is the value of -13 - (4 + 0 + -13 + 3)?
-7
What is the value of -1 + (1 + 0 - -5) + -3?
2
What is (-2 - -2) + (2 - (-4 - -2))?
4
What is 8 - ((4 - 7 - -5) + 6)?
0
What is the value of (13 - 0 - 4) + -4?
5
-15 + (6 - -4 - 0)
-5
Evaluate (-3 + -1 - -3 - -2) + 4.
5
What is (-5 - -1) + 3 - (1 - 0)?
-2
(-6 - -17) + (-10 - -3)
4
-3 - (-6 - -5 - 1)
-1
Evaluate 0 - 7 - ((3 - 7) + 1).
-4
7 + -11 + 2 + 6 + -4
0
1 - 3 - 1 - -5
2
Calculate -5 + (12 - 1) - 5.
1
Calculate -4 + 2 + -4 + 4 + 6.
4
Calculate (-1 + 2 - 2) + -4.
-5
What is 3 + 0 + 1 + -1 + 0?
3
What is the value of 3 - (-1 + 3) - -2 - 0?
3
-2 - -1 - (-3 + -2 + 5)
-1
Evaluate -1 - (3 + -2 + (-4 - -5)).
-3
3 + -4 + 4 - (7 - 2)
-2
What is (-1 - 0) + (12 - 12)?
-1
What is -12 - (11 + -20 + 1)?
-4
Calculate -2 + -1 + 5 + -6.
-4
What is the value of 2 + -9 + -21 + 35?
7
Calculate 0 + -1 + -4 - -9.
4
Evaluate 5 + -11 + (-2 - (-4 + -3)).
-1
What is the value of -4 + (-1 - 1 - -1) + 0?
-5
Evaluate -5 - (7 + 11 + -14).
-9
What is (3 - 2) + -13 + 7?
-5
What is the value of 6 - (10 + 1) - -8?
3
What is -10 + -2 + 7 + 0?
-5
Evaluate 8 + (-17 - (8 - 17)).
0
(6 + -9 - -3) + -4
-4
(5 - 8) + 5 - (3 + 0)
-1
-3 + -7 + 23 + -6
7
What is -3 + (-31 - -27) + 3 + 1?
-3
12 + -9 - (4 + -2 - -1)
0
Evaluate 6 + (2 - -2 - (19 - 12)).
3
What is 4 + -14 + 3 - -4 - -1?
-2
Calculate -3 + (2 - (-3 + -3)) + 0.
5
Evaluate -3 - (3 + -5 + 0).
-1
Calculate -9 - (17 - 10 - 8).
-8
Calculate 5 - (4 + 5) - (-1 + -6).
3
What is 1 + -1 - -2 - (-23 - -20)?
5
Calculate -4 - (-3 + 6 + -6) - -6.
5
Evaluate -5 + (3 - 15 - -17).
0
Calculate -3 - -2 - 0 - 0.
-1
Calculate (-17 - -17) + (-1 - 1).
-2
Calculate -6 - (0 + -3 - 0).
-3
Evaluate -2 + -2 - 1 - -9.
4
What is (0 - -3) + (9 - 6)?
6
What is the value of -1 + (-2 - 4) - -3?
-4
Evaluate 1 - (8 - 12 - -7).
-2
Calculate -5 + 8 + -3 - 5.
-5
1 + -3 - (1 - 4) - 1
0
What is the value of 5 + 0 + (-7 - 0) + 7?
5
What is the value of -7 + (-3 - -1) + 3 + 1?
-5
Evaluate -5 - (-6 - -1) - 0.
0
Evaluate -2 + (3 + -4 - 3).
-6
Evaluate -4 + 0 + (13 - 0 - 15).
-6
(-12 - -19) + (-3 - -1)
5
What is (-119 - -119) + 0 + (3 - 1)?
2
-9 + (1 - -5) - -6
3
Evaluate -10 - -2 - (-4 + 17 + -14).
-7
What is -15 - (-15 - -18 - (2 - -7))?
-9
What is -1 + -9 + 3 - -8?
1
-8 - (-6 + 1) - (-7 - 0)
4
Calculate -4 - (-6 + 4 - (-4 + 1)).
-5
What is the value of 1 + -4 + 11 + -3?
5
Evaluate -1 + -3 - (7 + -7 + -3).
-1
Evaluate (0 - 0 - 0) + (14 - 18).
-4
What is the value of 16 + -28 + -2 + 11?
-3
-11 + (23 - (6 - 3))
9
Calculate (3 - -1 - (26 - 22)) + 4.
4
What is the value of 4 + -2 + (-1 - -4)?
5
Calculate 0 + -4 + (-10 - -13).
-1
Evaluate -3 + -5 + 7 + 3 + 1.
3
What is (12 - 10) + 3 + -2 + -8?
-5
Evaluate 5 + -2 - (-3 - (-1 + 0)).
5
What is -1 + 2 + -3 - 3?
-5
(2 - -1) + -2 - -4
5
What is the value of -6 + 8 + 9 + -7?
4
Evaluate 9 - (-3 + 16 - (-5 + 12)).
3
What is the value of 3 - (0 + 0 + 2)?
1
Evaluate (0 - 5 - -2) + 6.
3
What is the value of 2 + (1 - (1 + -6 + 11))?
-3
Evaluate -1 + -1 + 6 + -57 + 53.
0
